{"id":548,"date":"2021-01-20T12:31:26","date_gmt":"2021-01-20T12:31:26","guid":{"rendered":"http:\/\/ijadvocada.com\/?page_id=548"},"modified":"2021-01-20T14:51:00","modified_gmt":"2021-01-20T14:51:00","slug":"politica-de-privacitat","status":"publish","type":"page","link":"https:\/\/ijadvocada.com\/ca\/politica-de-privacitat\/","title":{"rendered":"Pol\u00edtica de privacitat"},"content":{"rendered":"\t\t<div data-elementor-type=\"wp-page\" data-elementor-id=\"548\" class=\"elementor elementor-548\">\n\t\t\t\t\t\t\t\t\t<section class=\"elementor-section elementor-top-section elementor-element elementor-element-336c2a5 elementor-section-boxed elementor-section-height-default elementor-section-height-default\" data-id=\"336c2a5\" data-element_type=\"section\">\n\t\t\t\t\t\t<div class=\"elementor-container elementor-column-gap-default\">\n\t\t\t\t\t<div class=\"elementor-column elementor-col-100 elementor-top-column elementor-element elementor-element-091b650\" data-id=\"091b650\" data-element_type=\"column\">\n\t\t\t<div class=\"elementor-widget-wrap elementor-element-populated\">\n\t\t\t\t\t\t\t\t<div class=\"elementor-element elementor-element-fefbb78 elementor-widget elementor-widget-text-editor\" data-id=\"fefbb78\" data-element_type=\"widget\" data-widget_type=\"text-editor.default\">\n\t\t\t\t<div class=\"elementor-widget-container\">\n\t\t\t\t\t\t\t<p>A IVET JUNYENT ARNAUS<span class=\"legal_desc\">, <\/span>estem especialment conscienciats per la confidencialitat de les dades de car\u00e0cter personal que ens faciliten a trav\u00e9s de la p\u00e0gina web, i mitjan\u00e7ant aquesta pol\u00edtica, informem l\u2019usuari, en mat\u00e8ria de protecci\u00f3 de dades, aix\u00ed com dels drets que l\u2019assisteixen.<\/p><p>Per aix\u00f2, i en virtut del reglament General de Protecci\u00f3 de Dades de la Uni\u00f3 Europea (RGPD), Reglament UE 2016\/679 del Parlament Europeu i del Consell del 27 d\u2019abril de 2016, i en atenci\u00f3 al principi de transpar\u00e8ncia, posem a la seva disposici\u00f3 informaci\u00f3 rellevant sobre el tractament de dades personals, amb la finalitat de donar a con\u00e8ixer en tot moment, com tractem les dades, amb quina finalitat i els drets corresponents.<\/p><h3><strong>Obtenci\u00f3 de les dades:<\/strong><\/h3><p>El RESPONSABLE ha obtingut les dades personals que seran objecte de tractament, a trav\u00e9s de diferents Canals:<\/p><p>\u2212 Volunt\u00e0riament facilitats pel titular de les dades, b\u00e9 a trav\u00e9s de formulari web, correu electr\u00f2nic, tel\u00e8fon o contracte, per la sol\u00b7licitud de qualsevol tipus d\u2019informaci\u00f3 o formalitzaci\u00f3 i\/o adquisici\u00f3 de serveis o productes.<\/p><p>\u2212 A partir de fonts accessibles al p\u00fablic i\/o registres p\u00fablics, i sempre que existeixi inter\u00e8s leg\u00edtim per part del RESPONSABLE per aix\u00f2.<\/p><h3><strong>Descripci\u00f3 de la finalitat del tractament:<\/strong><\/h3><p>El RESPONSABLE tractar\u00e0 les seves dades, amb l\u2019objectiu de respondre a les peticions realitzades a trav\u00e9s del present lloc web, a m\u00e9s, si atorga el seu consentiment per l\u2019enviament de comunicacions comercials, promocions i informaci\u00f3 del seu inter\u00e8s, se li podr\u00e0 enviar informaci\u00f3 de car\u00e0cter comercial i\/o publicitari pels canals de comunicaci\u00f3 habituals. No obstant aix\u00f2, aquest consentiment, podr\u00e0 revocar-lo en qualsevol moment a trav\u00e9s dels mitjans proporcionats a aquesta finalitat.<\/p><p>Tractarem les seves dades per la gesti\u00f3 comercial, administrativa, comptable i fiscal, conforme a la normativa vigent i en funci\u00f3 de la informaci\u00f3 facilitada i autoritzaci\u00f3 atorgada.<\/p><h3><strong>Conservaci\u00f3 de les dades<\/strong><\/h3><p>Les dades personals proporcionades es conservaran mentre es mantinguin la relaci\u00f3 amb l\u2019entitat, i no se sol\u00b7liciti la supressi\u00f3 per part de l\u2019interessat. Ser\u00e0 conservats conforme als terminis legals establerts i en funci\u00f3 de la finalitat per la qual van ser recavats.<\/p><p>En el sup\u00f2sit qu\u00e8 l\u2019interessat estigui subscrit de forma volunt\u00e0ria a algun tipus d\u2019enviament de comunicacions comercials, newsletter, publicitat, etc. Les dades romandran fins que aquest, tramiti la seva baixa en aquest tipus de comunicacions.<\/p><h3><strong>Legitimaci\u00f3<\/strong><\/h3><p>La base per la qual, se sustenta el tractament de les dades de car\u00e0cter personal per part del RESPONSABLE es troba emparada en:<\/p><p>\u2212 La mera sol\u00b7licitud per part de l\u2019interessat de qualsevol tipus d\u2019informaci\u00f3.<\/p><p>\u2212 Per la possible subscripci\u00f3 per rebre comunicacions comercials mitjan\u00e7ant consentiment expr\u00e9s.<\/p><p>\u2212 Formalitzaci\u00f3 de relaci\u00f3 comercial, fruit de l\u2019adquisici\u00f3 de productes i\/o serveis.<\/p><p>\u2212 Legitimaci\u00f3 per execuci\u00f3 d\u2019un contracte.<\/p><h3><strong>Destinataris<\/strong><\/h3><p>Mentre duri el tractament de les dades de l\u2019interessat, el RESPONSABLE no cedir\u00e0 les dades a tercers, tret que intervingui obligaci\u00f3 legal.<\/p><p>En els sup\u00f2sits que, per la realitzaci\u00f3 de tractaments de tipus administratiu, fiscal, comptable i\/o comercial, es compti amb els serveis de tercers, es formalitzar\u00e0 degudament el preceptiu contracte d\u2019encarregat de tractament, amb la finalitat de garantir la seguretat i confidencialitat de les dades de l\u2019interessat davant de tercers.<\/p><h3><strong>Drets<\/strong><\/h3><p>L\u2019interessat, en relaci\u00f3 a les seves dades de car\u00e0cter personal, pot exercir els drets seg\u00fcents de forma lliure i gratu\u00efta:<\/p><p>\u2212 Dret d\u2019acc\u00e9s a les seves dades personals.<\/p><p>\u2212 Dret de rectificaci\u00f3 de les seves dades personals, quan resultin incomplets o inexactes.<\/p><p>\u2212 Dret de supressi\u00f3 de les seves dades personals, quan no sigui necessaris per a les finalitats per les quals van ser recavats.<\/p><p>\u2212 Dret de limitaci\u00f3 del seu tractament, de totes les dades o en part d\u2019ells.<\/p><p>\u2212 Dret a oposar-se al tractament.<\/p><p>\u2212 Dret a la portabilitat de les dades.<\/p><p>\u2212 Dret a retirar el consentiment prestat pr\u00e8viament.<\/p><p>En cas que senti vulnerats els seus drets pel que concerneix la protecci\u00f3 de les seves dades personals, especialment quan no hagi obtingut la satisfacci\u00f3 en l\u2019exercici dels seus drets, pot presentar una reclamaci\u00f3 davant l\u2019Autoritat de Control en mat\u00e8ria de Protecci\u00f3 de Dades competent.<\/p><h3><strong>Autoritat de Control<\/strong><\/h3><p>Si vost\u00e8 requereix m\u00e9s informaci\u00f3 i\/o ajuda, a part de la qual nosaltres podem i desitgem proporcionar-li, en mat\u00e8ria de Protecci\u00f3 de Dades, ha de saber que, l\u2019autoritat de control en Espanya que vetlla pel compliment de la normativa sobre protecci\u00f3 de dades, que garanteix i tutela el dret fonamental a la protecci\u00f3 de dades personals \u00e9s:<\/p><p>Ag\u00e8ncia Espanyola de Protecci\u00f3 de Dades (AEPD)<\/p><p>C\/ Jorge Juan N\u00ba 6<br \/>28001 Madrid<br \/>901 100 099 \u2013 912 663 517<br \/><a href=\"https:\/\/www.aepd.es\/\" target=\"_blank\" rel=\"noopener\">www.agpd.es<\/a><\/p><p>Podent contactar tamb\u00e9, a trav\u00e9s d\u2019aquest formulari.<\/p><p>L\u2019AEPD, informa i ajuda al ciutad\u00e0 a exercitar els seus drets, aix\u00ed com a les empreses a complir amb les obligacions que estableix la Llei.<\/p><p>Com a titular de les seves pr\u00f2pies dades, l\u2019AEPD tutela l\u2019exercici dels drets d\u2019acc\u00e9s, rectificaci\u00f3, cancel\u00b7laci\u00f3, limitaci\u00f3, portabilitat i oposici\u00f3, quan no han sigut adequadament atesos. I garanteix el dret a la protecci\u00f3 de dades, davant d\u2019actuacions que puguin ser contr\u00e0ries a la llei.<\/p><p>\u00a0<\/p>\t\t\t\t\t\t<\/div>\n\t\t\t\t<\/div>\n\t\t\t\t\t<\/div>\n\t\t<\/div>\n\t\t\t\t\t\t\t<\/div>\n\t\t<\/section>\n\t\t\t\t\t\t\t<\/div>\n\t\t","protected":false},"excerpt":{"rendered":"<p>A IVET JUNYENT ARNAUS, estem especialment conscienciats per la confidencialitat de les dades de car\u00e0cter personal que ens faciliten a trav\u00e9s de [&hellip;]<\/p>\n","protected":false},"author":2,"featured_media":0,"parent":0,"menu_order":0,"comment_status":"closed","ping_status":"closed","template":"","meta":{"footnotes":""},"class_list":["post-548","page","type-page","status-publish","hentry"],"_links":{"self":[{"href":"https:\/\/ijadvocada.com\/ca\/wp-json\/wp\/v2\/pages\/548","targetHints":{"allow":["GET"]}}],"collection":[{"href":"https:\/\/ijadvocada.com\/ca\/wp-json\/wp\/v2\/pages"}],"about":[{"href":"https:\/\/ijadvocada.com\/ca\/wp-json\/wp\/v2\/types\/page"}],"author":[{"embeddable":true,"href":"https:\/\/ijadvocada.com\/ca\/wp-json\/wp\/v2\/users\/2"}],"replies":[{"embeddable":true,"href":"https:\/\/ijadvocada.com\/ca\/wp-json\/wp\/v2\/comments?post=548"}],"version-history":[{"count":10,"href":"https:\/\/ijadvocada.com\/ca\/wp-json\/wp\/v2\/pages\/548\/revisions"}],"predecessor-version":[{"id":569,"href":"https:\/\/ijadvocada.com\/ca\/wp-json\/wp\/v2\/pages\/548\/revisions\/569"}],"wp:attachment":[{"href":"https:\/\/ijadvocada.com\/ca\/wp-json\/wp\/v2\/media?parent=548"}],"curies":[{"name":"wp","href":"https:\/\/api.w.org\/{rel}","templated":true}]}}

Política de privacitat

<div data-elementor-type="wp-page" data-elementor-id="548" class="elementor elementor-548">
									<section class="elementor-section elementor-top-section elementor-element elementor-element-336c2a5 elementor-section-boxed elementor-section-height-default elementor-section-height-default" data-id="336c2a5" data-element_type="section">
						<div class="elementor-container elementor-column-gap-default">
					<div class="elementor-column elementor-col-100 elementor-top-column elementor-element elementor-element-091b650" data-id="091b650" data-element_type="column">
			<div class="elementor-widget-wrap elementor-element-populated">
								<div class="elementor-element elementor-element-fefbb78 elementor-widget elementor-widget-text-editor" data-id="fefbb78" data-element_type="widget" data-widget_type="text-editor.default">
				<div class="elementor-widget-container">
							<p>A IVET JUNYENT ARNAUS<span class="legal_desc">, </span>estem especialment conscienciats per la confidencialitat de les dades de caràcter personal que ens faciliten a través de la pàgina web, i mitjançant aquesta política, informem l’usuari, en matèria de protecció de dades, així com dels drets que l’assisteixen.</p><p>Per això, i en virtut del reglament General de Protecció de Dades de la Unió Europea (RGPD), Reglament UE 2016/679 del Parlament Europeu i del Consell del 27 d’abril de 2016, i en atenció al principi de transparència, posem a la seva disposició informació rellevant sobre el tractament de dades personals, amb la finalitat de donar a conèixer en tot moment, com tractem les dades, amb quina finalitat i els drets corresponents.</p><h3><strong>Obtenció de les dades:</strong></h3><p>El RESPONSABLE ha obtingut les dades personals que seran objecte de tractament, a través de diferents Canals:</p><p>− Voluntàriament facilitats pel titular de les dades, bé a través de formulari web, correu electrònic, telèfon o contracte, per la sol·licitud de qualsevol tipus d’informació o formalització i/o adquisició de serveis o productes.</p><p>− A partir de fonts accessibles al públic i/o registres públics, i sempre que existeixi interès legítim per part del RESPONSABLE per això.</p><h3><strong>Descripció de la finalitat del tractament:</strong></h3><p>El RESPONSABLE tractarà les seves dades, amb l’objectiu de respondre a les peticions realitzades a través del present lloc web, a més, si atorga el seu consentiment per l’enviament de comunicacions comercials, promocions i informació del seu interès, se li podrà enviar informació de caràcter comercial i/o publicitari pels canals de comunicació habituals. No obstant això, aquest consentiment, podrà revocar-lo en qualsevol moment a través dels mitjans proporcionats a aquesta finalitat.</p><p>Tractarem les seves dades per la gestió comercial, administrativa, comptable i fiscal, conforme a la normativa vigent i en funció de la informació facilitada i autorització atorgada.</p><h3><strong>Conservació de les dades</strong></h3><p>Les dades personals proporcionades es conservaran mentre es mantinguin la relació amb l’entitat, i no se sol·liciti la supressió per part de l’interessat. Serà conservats conforme als terminis legals establerts i en funció de la finalitat per la qual van ser recavats.</p><p>En el supòsit què l’interessat estigui subscrit de forma voluntària a algun tipus d’enviament de comunicacions comercials, newsletter, publicitat, etc. Les dades romandran fins que aquest, tramiti la seva baixa en aquest tipus de comunicacions.</p><h3><strong>Legitimació</strong></h3><p>La base per la qual, se sustenta el tractament de les dades de caràcter personal per part del RESPONSABLE es troba emparada en:</p><p>− La mera sol·licitud per part de l’interessat de qualsevol tipus d’informació.</p><p>− Per la possible subscripció per rebre comunicacions comercials mitjançant consentiment exprés.</p><p>− Formalització de relació comercial, fruit de l’adquisició de productes i/o serveis.</p><p>− Legitimació per execució d’un contracte.</p><h3><strong>Destinataris</strong></h3><p>Mentre duri el tractament de les dades de l’interessat, el RESPONSABLE no cedirà les dades a tercers, tret que intervingui obligació legal.</p><p>En els supòsits que, per la realització de tractaments de tipus administratiu, fiscal, comptable i/o comercial, es compti amb els serveis de tercers, es formalitzarà degudament el preceptiu contracte d’encarregat de tractament, amb la finalitat de garantir la seguretat i confidencialitat de les dades de l’interessat davant de tercers.</p><h3><strong>Drets</strong></h3><p>L’interessat, en relació a les seves dades de caràcter personal, pot exercir els drets següents de forma lliure i gratuïta:</p><p>− Dret d’accés a les seves dades personals.</p><p>− Dret de rectificació de les seves dades personals, quan resultin incomplets o inexactes.</p><p>− Dret de supressió de les seves dades personals, quan no sigui necessaris per a les finalitats per les quals van ser recavats.</p><p>− Dret de limitació del seu tractament, de totes les dades o en part d’ells.</p><p>− Dret a oposar-se al tractament.</p><p>− Dret a la portabilitat de les dades.</p><p>− Dret a retirar el consentiment prestat prèviament.</p><p>En cas que senti vulnerats els seus drets pel que concerneix la protecció de les seves dades personals, especialment quan no hagi obtingut la satisfacció en l’exercici dels seus drets, pot presentar una reclamació davant l’Autoritat de Control en matèria de Protecció de Dades competent.</p><h3><strong>Autoritat de Control</strong></h3><p>Si vostè requereix més informació i/o ajuda, a part de la qual nosaltres podem i desitgem proporcionar-li, en matèria de Protecció de Dades, ha de saber que, l’autoritat de control en Espanya que vetlla pel compliment de la normativa sobre protecció de dades, que garanteix i tutela el dret fonamental a la protecció de dades personals és:</p><p>Agència Espanyola de Protecció de Dades (AEPD)</p><p>C/ Jorge Juan Nº 6<br />28001 Madrid<br />901 100 099 – 912 663 517<br /><a href="https://www.aepd.es/" target="_blank" rel="noopener">www.agpd.es</a></p><p>Podent contactar també, a través d’aquest formulari.</p><p>L’AEPD, informa i ajuda al ciutadà a exercitar els seus drets, així com a les empreses a complir amb les obligacions que estableix la Llei.</p><p>Com a titular de les seves pròpies dades, l’AEPD tutela l’exercici dels drets d’accés, rectificació, cancel·lació, limitació, portabilitat i oposició, quan no han sigut adequadament atesos. I garanteix el dret a la protecció de dades, davant d’actuacions que puguin ser contràries a la llei.</p><p> </p>						</div>
				</div>
					</div>
		</div>
							</div>
		</section>
							</div>

<p>A IVET JUNYENT ARNAUS, estem especialment conscienciats per la confidencialitat de les dades de caràcter personal que ens faciliten a través de [&hellip;]</p>
